{"id":3220,"date":"2023-02-20T13:13:54","date_gmt":"2023-02-20T20:13:54","guid":{"rendered":"https:\/\/fimeimprime.com\/?post_type=product&#038;p=3220"},"modified":"2023-02-20T15:24:17","modified_gmt":"2023-02-20T22:24:17","slug":"cilindro-fiestero-pet-con-tapa-500-ml","status":"publish","type":"product","link":"https:\/\/fimeimprime.com\/?product=cilindro-fiestero-pet-con-tapa-500-ml","title":{"rendered":"CILINDRO FIESTERO PET CON TAPA 500 ML"},"content":{"rendered":"<p>Producto NO sublimable, color de las tapas dependiendo la disponibilidad, transparentes, disponible en 500 Ml y 1 litro, personaliza para tus fiestas, XV a\u00f1os, bodas, reuniones, etc. Ya sea que lo decores con vinil impreso o vinil de corte, puedes rellenarlos con l\u00edquidos, dulces, chocolates o lo que se te ocurra.<\/p>\n<p>NOTA: El color de los art\u00edculos puede variar al color real, por la calibraci\u00f3n y resoluci\u00f3n de tu monitor.<br data-mce-bogus=\"1\"><\/p>\n","protected":false},"excerpt":{"rendered":"<p>Cilindro fiestero PET de 500 ml con tapas de colores a elegir. Personaliza para tus fiestas, XV a\u00f1os, bodas, reuniones, etc. Ya sea que lo decores con vinil impreso o vinil de corte, puedes rellenarlos con l\u00edquidos, dulces, chocolates o lo que se te ocurra.<\/p>\n","protected":false},"featured_media":3232,"comment_status":"open","ping_status":"closed","template":"","meta":[],"product_brand":[],"product_cat":[15,101],"product_tag":[137,179,138,87,157,61],"class_list":{"0":"post-3220","1":"product","2":"type-product","3":"status-publish","4":"has-post-thumbnail","6":"product_cat-otros","7":"product_cat-plasticos","8":"product_tag-cilindro","9":"product_tag-fiestero","10":"product_tag-pet","11":"product_tag-plastico","12":"product_tag-tapa","13":"product_tag-termo","15":"first","16":"instock","17":"shipping-taxable","18":"purchasable","19":"product-type-variable"},"_links":{"self":[{"href":"https:\/\/fimeimprime.com\/index.php?rest_route=\/wp\/v2\/product\/3220","targetHints":{"allow":["GET"]}}],"collection":[{"href":"https:\/\/fimeimprime.com\/index.php?rest_route=\/wp\/v2\/product"}],"about":[{"href":"https:\/\/fimeimprime.com\/index.php?rest_route=\/wp\/v2\/types\/product"}],"replies":[{"embeddable":true,"href":"https:\/\/fimeimprime.com\/index.php?rest_route=%2Fwp%2Fv2%2Fcomments&post=3220"}],"wp:featuredmedia":[{"embeddable":true,"href":"https:\/\/fimeimprime.com\/index.php?rest_route=\/wp\/v2\/media\/3232"}],"wp:attachment":[{"href":"https:\/\/fimeimprime.com\/index.php?rest_route=%2Fwp%2Fv2%2Fmedia&parent=3220"}],"wp:term":[{"taxonomy":"product_brand","embeddable":true,"href":"https:\/\/fimeimprime.com\/index.php?rest_route=%2Fwp%2Fv2%2Fproduct_brand&post=3220"},{"taxonomy":"product_cat","embeddable":true,"href":"https:\/\/fimeimprime.com\/index.php?rest_route=%2Fwp%2Fv2%2Fproduct_cat&post=3220"},{"taxonomy":"product_tag","embeddable":true,"href":"https:\/\/fimeimprime.com\/index.php?rest_route=%2Fwp%2Fv2%2Fproduct_tag&post=3220"}],"curies":[{"name":"wp","href":"https:\/\/api.w.org\/{rel}","templated":true}]}}