{"id":3086,"date":"2022-11-18T12:07:00","date_gmt":"2022-11-18T19:07:00","guid":{"rendered":"https:\/\/fimeimprime.com\/product\/tarro-de-acero-blanco-para-sublimar\/"},"modified":"2023-02-10T15:17:31","modified_gmt":"2023-02-10T22:17:31","slug":"tarro-de-acero-blanco-para-sublimar","status":"publish","type":"product","link":"https:\/\/fimeimprime.com\/?product=tarro-de-acero-blanco-para-sublimar","title":{"rendered":"TARRO DE ACERO BLANCO PARA SUBLIMAR"},"content":{"rendered":"<p>TARRO DE ACERO BLANCO DOBLE CAPA PARA SUBLIMAR, DOBLE PARED, PARA MANTENER LAS BEBIDAS FRIAS O CALIENTES POR MAS TIEMPO. CON UNA ALTURA DE 16.5 CM Y 8.5 DE DIAMETRO<\/p>\n<p><\/p>\n<p>NOTA: El color de los art\u00edculos puede variar al color real, por la calibraci\u00f3n y resoluci\u00f3n de tu monitor.<\/p>\n","protected":false},"excerpt":{"rendered":"<p>TARRO DE ACERO BLANCO DOBLE CAPA PARA SUBLIMAR<\/p>\n","protected":false},"featured_media":3087,"comment_status":"open","ping_status":"closed","template":"","meta":[],"product_brand":[],"product_cat":[70],"product_tag":[66,81,80,95],"class_list":{"0":"post-3086","1":"product","2":"type-product","3":"status-publish","4":"has-post-thumbnail","6":"product_cat-aceros","7":"product_tag-acero","8":"product_tag-blanco","9":"product_tag-sublimar","10":"product_tag-tarro","12":"first","13":"instock","14":"featured","15":"shipping-taxable","16":"purchasable","17":"product-type-simple"},"_links":{"self":[{"href":"https:\/\/fimeimprime.com\/index.php?rest_route=\/wp\/v2\/product\/3086","targetHints":{"allow":["GET"]}}],"collection":[{"href":"https:\/\/fimeimprime.com\/index.php?rest_route=\/wp\/v2\/product"}],"about":[{"href":"https:\/\/fimeimprime.com\/index.php?rest_route=\/wp\/v2\/types\/product"}],"replies":[{"embeddable":true,"href":"https:\/\/fimeimprime.com\/index.php?rest_route=%2Fwp%2Fv2%2Fcomments&post=3086"}],"wp:featuredmedia":[{"embeddable":true,"href":"https:\/\/fimeimprime.com\/index.php?rest_route=\/wp\/v2\/media\/3087"}],"wp:attachment":[{"href":"https:\/\/fimeimprime.com\/index.php?rest_route=%2Fwp%2Fv2%2Fmedia&parent=3086"}],"wp:term":[{"taxonomy":"product_brand","embeddable":true,"href":"https:\/\/fimeimprime.com\/index.php?rest_route=%2Fwp%2Fv2%2Fproduct_brand&post=3086"},{"taxonomy":"product_cat","embeddable":true,"href":"https:\/\/fimeimprime.com\/index.php?rest_route=%2Fwp%2Fv2%2Fproduct_cat&post=3086"},{"taxonomy":"product_tag","embeddable":true,"href":"https:\/\/fimeimprime.com\/index.php?rest_route=%2Fwp%2Fv2%2Fproduct_tag&post=3086"}],"curies":[{"name":"wp","href":"https:\/\/api.w.org\/{rel}","templated":true}]}}