{"id":2595,"date":"2020-12-11T04:34:15","date_gmt":"2020-12-11T11:34:15","guid":{"rendered":"https:\/\/fimeimprime.com\/product\/llaveros-distintas-presentaciones\/"},"modified":"2021-03-23T18:20:29","modified_gmt":"2021-03-24T01:20:29","slug":"llaveros-distintas-presentaciones","status":"publish","type":"product","link":"https:\/\/fimeimprime.com\/?product=llaveros-distintas-presentaciones","title":{"rendered":"LLAVEROS DISTINTAS PRESENTACIONES"},"content":{"rendered":"<div>\n<p>\u00bfAcaso no todos tenemos llaves que<br \/>debemos cargar a diario? de nuestro hogar, oficina, dormitorio, local,<br \/>autom\u00f3vil, archivos, y pare de contar. Si esto es as\u00ed, \u00bfpor<br \/>qu\u00e9 no personalizar tambi\u00e9n el portador de nuestras llaves si son<br \/>accesorios de uso diario?<\/p>\n<p>Fime Imprime te trae su exclusiva linea de llaveros personalizables con<br \/>la t\u00e9cnica de sublimaci\u00f3n para que puedas escoger el que m\u00e1s se adapte a<br \/>tus gustos y puedas imprimir sobre el, el motivo de tu preferencia.<\/p>\n<p>Elaborado con MDF resistente e indeformable posee superficie de<br \/>blanco puro que te ofrece un fondo perfecto para la transferencia de<br \/>im\u00e1genes sobre ella.<br \/>En presentaci\u00f3n con formas de c\u00edrculos, rect\u00e1ngulos, ovalado, playera y casa<\/p>\n<\/div>\n","protected":false},"excerpt":{"rendered":"<h1 class=\"edgtf-single-product-title\">Llaveros para sublimar, Rectangulares, Redondos, Cuadrados, Ovalados y Otras formas<\/h1>\n","protected":false},"featured_media":2594,"comment_status":"open","ping_status":"closed","template":"","meta":[],"product_brand":[],"product_cat":[74],"product_tag":[],"class_list":{"0":"post-2595","1":"product","2":"type-product","3":"status-publish","4":"has-post-thumbnail","6":"product_cat-mdf","8":"first","9":"instock","10":"shipping-taxable","11":"purchasable","12":"product-type-variable"},"_links":{"self":[{"href":"https:\/\/fimeimprime.com\/index.php?rest_route=\/wp\/v2\/product\/2595","targetHints":{"allow":["GET"]}}],"collection":[{"href":"https:\/\/fimeimprime.com\/index.php?rest_route=\/wp\/v2\/product"}],"about":[{"href":"https:\/\/fimeimprime.com\/index.php?rest_route=\/wp\/v2\/types\/product"}],"replies":[{"embeddable":true,"href":"https:\/\/fimeimprime.com\/index.php?rest_route=%2Fwp%2Fv2%2Fcomments&post=2595"}],"wp:featuredmedia":[{"embeddable":true,"href":"https:\/\/fimeimprime.com\/index.php?rest_route=\/wp\/v2\/media\/2594"}],"wp:attachment":[{"href":"https:\/\/fimeimprime.com\/index.php?rest_route=%2Fwp%2Fv2%2Fmedia&parent=2595"}],"wp:term":[{"taxonomy":"product_brand","embeddable":true,"href":"https:\/\/fimeimprime.com\/index.php?rest_route=%2Fwp%2Fv2%2Fproduct_brand&post=2595"},{"taxonomy":"product_cat","embeddable":true,"href":"https:\/\/fimeimprime.com\/index.php?rest_route=%2Fwp%2Fv2%2Fproduct_cat&post=2595"},{"taxonomy":"product_tag","embeddable":true,"href":"https:\/\/fimeimprime.com\/index.php?rest_route=%2Fwp%2Fv2%2Fproduct_tag&post=2595"}],"curies":[{"name":"wp","href":"https:\/\/api.w.org\/{rel}","templated":true}]}}