{"id":2526,"date":"2020-12-10T02:02:31","date_gmt":"2020-12-10T09:02:31","guid":{"rendered":"https:\/\/fimeimprime.com\/product\/tazas-para-sublimar-distintos-colores\/"},"modified":"2023-02-11T12:55:04","modified_gmt":"2023-02-11T19:55:04","slug":"tazas-para-sublimar-distintos-colores","status":"publish","type":"product","link":"https:\/\/fimeimprime.com\/?product=tazas-para-sublimar-distintos-colores","title":{"rendered":"TAZAS MAGICA PARA SUBLIMAR"},"content":{"rendered":"<p>Genial! Es la mejor palabra para describir este espectacular y divertido producto de Fime Imprime. \u00bfUna taza que cambia de color seg\u00fan la temperatura del l\u00edquido que se vierta en su interior? !S\u00ed! Exacto, eso es lo que hace de este novedoso producto algo \u00fanico, llamativo y<br \/>curioso, Podemos decir que son 2 tazas de diferente color por el precio de una. Ideal para negocios y publicidad aunque aplica perfectamente para el uso dom\u00e9stico o como obsequio. Al ser sublimable, se ampl\u00eda el abanico de opciones para las mentes creadoras y art\u00edsticas que complementan el resultado final con este producto. Logos, paisajes, personajes, frases, publicidad o cualquier dise\u00f1o que la imaginaci\u00f3n permita pueden estamparse sobre esta taza ofreciendo resultados realmente exclusivos.<\/p>\n<p><\/p>\n<p>NOTA: El color de los art\u00edculos puede variar al color real, por la calibraci\u00f3n y resoluci\u00f3n de tu monitor.<\/p>\n","protected":false},"excerpt":{"rendered":"<p>TAZAS MAGICA NEGRA Y ROJA PARA SUBLIMAR<\/p>\n<p>&#8211; Cer\u00e1mica de primera procesada en ambiente de cera part\u00edculas.<br \/>.- Color: Rojo y Negro.<br \/>.- Recubierta con pol\u00edmero de formulaci\u00f3n exclusiva<br \/>.- Capacidad de 11 oz.<br \/>.- Alto: 9.7cm<br \/>.- Di\u00e1metro externo: 8.3cm<br \/>.- \u00c1rea sublimable: 8.5x20cm<a href=\"https:\/\/colormake.com\/wp-content\/uploads\/2018\/04\/archivo-de-plantillas.pdf\" target=\"_blank\" class=\"edgtf-btn edgtf-btn-medium edgtf-btn-outline edgtf-btn-icon\" rel=\"nofollow noopener\" data-product_id=\"189\" data-product_sku=\"3264\" data-quantity=\"1\" style=\"margin-top: 20px\" data-mce-href=\"https:\/\/colormake.com\/wp-content\/uploads\/2018\/04\/archivo-de-plantillas.pdf\" data-mce-style=\"margin-top: 20px;\"><br \/><\/a><\/p>\n<div class=\"videoy\"><\/div>\n","protected":false},"featured_media":2943,"comment_status":"open","ping_status":"closed","template":"","meta":[],"product_brand":[],"product_cat":[73],"product_tag":[79,163,169,162,155,83],"class_list":{"0":"post-2526","1":"product","2":"type-product","3":"status-publish","4":"has-post-thumbnail","6":"product_cat-ceramica","7":"product_tag-ceramica","8":"product_tag-magica","9":"product_tag-negra","10":"product_tag-roja","11":"product_tag-sublimable","12":"product_tag-taza","14":"first","15":"instock","16":"shipping-taxable","17":"purchasable","18":"product-type-variable"},"_links":{"self":[{"href":"https:\/\/fimeimprime.com\/index.php?rest_route=\/wp\/v2\/product\/2526","targetHints":{"allow":["GET"]}}],"collection":[{"href":"https:\/\/fimeimprime.com\/index.php?rest_route=\/wp\/v2\/product"}],"about":[{"href":"https:\/\/fimeimprime.com\/index.php?rest_route=\/wp\/v2\/types\/product"}],"replies":[{"embeddable":true,"href":"https:\/\/fimeimprime.com\/index.php?rest_route=%2Fwp%2Fv2%2Fcomments&post=2526"}],"wp:featuredmedia":[{"embeddable":true,"href":"https:\/\/fimeimprime.com\/index.php?rest_route=\/wp\/v2\/media\/2943"}],"wp:attachment":[{"href":"https:\/\/fimeimprime.com\/index.php?rest_route=%2Fwp%2Fv2%2Fmedia&parent=2526"}],"wp:term":[{"taxonomy":"product_brand","embeddable":true,"href":"https:\/\/fimeimprime.com\/index.php?rest_route=%2Fwp%2Fv2%2Fproduct_brand&post=2526"},{"taxonomy":"product_cat","embeddable":true,"href":"https:\/\/fimeimprime.com\/index.php?rest_route=%2Fwp%2Fv2%2Fproduct_cat&post=2526"},{"taxonomy":"product_tag","embeddable":true,"href":"https:\/\/fimeimprime.com\/index.php?rest_route=%2Fwp%2Fv2%2Fproduct_tag&post=2526"}],"curies":[{"name":"wp","href":"https:\/\/api.w.org\/{rel}","templated":true}]}}