{"id":2486,"date":"2020-12-09T21:11:32","date_gmt":"2020-12-10T04:11:32","guid":{"rendered":"https:\/\/fimeimprime.com\/product\/lamina-de-aluminio-para-sublimar-de-40x60\/"},"modified":"2021-03-24T18:10:28","modified_gmt":"2021-03-25T01:10:28","slug":"lamina-de-aluminio-para-sublimar-de-40x60","status":"publish","type":"product","link":"https:\/\/fimeimprime.com\/?product=lamina-de-aluminio-para-sublimar-de-40x60","title":{"rendered":"LAMINA DE ALUMINIO PARA SUBLIMAR DE 40&#215;60"},"content":{"rendered":"<p>Lamina de aluminio para sublimar de Fime Imprime es ideal para fines<br \/>de se\u00f1alizaci\u00f3n tanto en interiores como en exteriores. Otro de sus<br \/>m\u00faltiples usos es la realizaci\u00f3n de placas de reconocimiento a<br \/>estudiantes, deportistas, empleados, colaboradores entre otros. Como<br \/>fondo de bandejas con mensajes publicitarios es excelente. La calidad<br \/>del aluminio junto a su peso ligero, resistencia y brillo otorgan a este<br \/>producto las caracter\u00edsticas esenciales para cumplir a cabalidad<br \/>cualquier uso, bien sea publicitario, personal, empresarial o<br \/>institucional brindando durabilidad y un sublimado perfecto gracias a su<br \/>pol\u00edmero dise\u00f1ado especialmente para uso sobre aluminio con fijaci\u00f3n<br \/>\u00f3ptima de las im\u00e1genes.<\/p>\n","protected":false},"excerpt":{"rendered":"<p>LAMINA DE ALUMINIO PARA SUBLIMAR DE 40&#215;60 COLORES PLATA, ORO Y BLANCO<\/p>\n<p>&#8211; Disponibles en colores blanco, plata y dorado.<br \/>.- Medidas 40&#215;60 cm<br \/>.- Indeformables.<br \/>.- 100% sublimables.<br \/>.- Superficie uniforme y homog\u00e9nea.<br \/>.- Resistente.<\/p>\n<p><a href=\"https:\/\/colormake.com\/wp-content\/uploads\/2018\/04\/archivo-de-plantillas.pdf\" target=\"_blank\" class=\"edgtf-btn edgtf-btn-medium edgtf-btn-outline edgtf-btn-icon\" rel=\"nofollow noopener\" data-product_id=\"189\" data-product_sku=\"3264\" data-quantity=\"1\" style=\"margin-top: 20px\" data-mce-href=\"https:\/\/colormake.com\/wp-content\/uploads\/2018\/04\/archivo-de-plantillas.pdf\" data-mce-style=\"margin-top: 20px;\"><br \/><\/a><\/p>\n<div class=\"videoy\"><\/div>\n","protected":false},"featured_media":2485,"comment_status":"open","ping_status":"closed","template":"","meta":[],"product_brand":[],"product_cat":[72],"product_tag":[],"class_list":{"0":"post-2486","1":"product","2":"type-product","3":"status-publish","4":"has-post-thumbnail","6":"product_cat-aluminios","8":"first","9":"instock","10":"shipping-taxable","11":"purchasable","12":"product-type-variable"},"_links":{"self":[{"href":"https:\/\/fimeimprime.com\/index.php?rest_route=\/wp\/v2\/product\/2486","targetHints":{"allow":["GET"]}}],"collection":[{"href":"https:\/\/fimeimprime.com\/index.php?rest_route=\/wp\/v2\/product"}],"about":[{"href":"https:\/\/fimeimprime.com\/index.php?rest_route=\/wp\/v2\/types\/product"}],"replies":[{"embeddable":true,"href":"https:\/\/fimeimprime.com\/index.php?rest_route=%2Fwp%2Fv2%2Fcomments&post=2486"}],"wp:featuredmedia":[{"embeddable":true,"href":"https:\/\/fimeimprime.com\/index.php?rest_route=\/wp\/v2\/media\/2485"}],"wp:attachment":[{"href":"https:\/\/fimeimprime.com\/index.php?rest_route=%2Fwp%2Fv2%2Fmedia&parent=2486"}],"wp:term":[{"taxonomy":"product_brand","embeddable":true,"href":"https:\/\/fimeimprime.com\/index.php?rest_route=%2Fwp%2Fv2%2Fproduct_brand&post=2486"},{"taxonomy":"product_cat","embeddable":true,"href":"https:\/\/fimeimprime.com\/index.php?rest_route=%2Fwp%2Fv2%2Fproduct_cat&post=2486"},{"taxonomy":"product_tag","embeddable":true,"href":"https:\/\/fimeimprime.com\/index.php?rest_route=%2Fwp%2Fv2%2Fproduct_tag&post=2486"}],"curies":[{"name":"wp","href":"https:\/\/api.w.org\/{rel}","templated":true}]}}